 s.
2, 7, 29
What are the prime factors of (-39)/429 - 93986/(-22)*1?
2, 3, 89
Let l = 3 + -9. Let z be (-24)/(-16)*(-8)/l. Suppose -z*f = 2*f - 80. List the prime factors of f.
2, 5
Suppose -2*z + 28 = -4*f - 6*z, -2*f = z + 17. Let a(q) = q**2 + 10*q + 21. Let h be a(f). List the prime factors of 3/7 - (-348)/h.
17
Let c(h) = -4*h**2 - 13*h - 9. Let n be c(-6). Let i = n + 47. Let l = -15 - i. What are the prime factors of l?
13
Let u(n) = -8*n**2 + 349*n - 1. What are the prime factors of u(22)?
5, 761
Suppose 5*i = -x + 70, 14 = -4*x - 6. Let y = i - 31. Let a(w) = w**2 + 13*w - 10. What are the prime factors of a(y)?
2, 19
Let p(j) = -8*j**2 + 6*j + 13. Let s be p(6). Let f = s - -347. List the prime factors of f.
2, 3
Suppose 3*z = 5*z + 8. Suppose -8*j + 10 = -3*j. List the prime factors of -15*(j - (-12)/z).
3, 5
Let r(s) be the first derivative of s**5/30 - 3*s**4/8 + s**3 + 4*s**2 + 1. Let a(l) be the second derivative of r(l). List the prime factors of a(6).
2, 3
Let j be 3/(33/46) + 24/(-132). Suppose 7*y - 6*y - 54 = j*i, 2*y - 63 = -i. What are the prime factors of y?
2, 17
Let k be 0*-2*(-1)/2. Let l be (3 - 3)*(k - -1). Suppose 0 = 4*g + 3*c - 25, l*g - 3*c - 25 = -g. List the prime factors of g.
2, 5
What are the prime factors of (-20 + 21)/(1/1129)?
1129
Let x(d) = 5*d - 4*d**2 - 12 + 3*d**3 - 4*d**3 + 14*d**2. What are the prime factors of x(9)?
2, 3, 19
Suppose -2090 = -4*h - 2*w, 4*h - h = 2*w + 1557. List the prime factors of h.
521
Let l = 1287 - 297. What are the prime factors of l?
2, 3, 5, 11
Suppose -3*z + 9456 = 3*r, -8*r + 9448 = -5*r - 5*z. List the prime factors of r.
23, 137
Let a = 25 + 55. Suppose 57*c + 410 = 47*c. Let u = a + c. What are the prime factors of u?
3, 13
Suppose 35*b = 27*b + 5024. What are the prime factors of b?
2, 157
Suppose -11*v + 930 + 93 = 0. What are the prime factors of v?
3, 31
Suppose c = 4*z - 1, 5*z - 3 + 7 = -4*c. List the prime factors of 8947/115 + c/(-5).
2, 3, 13
Let t(j) = j**2 - 6*j + 6. What are the prime factors of t(-10)?
2, 83
Let n(l) = -7*l**3 + l**2 - l - 4. List the prime factors of n(-5).
17, 53
Suppose 2*s + k - 191 = 0, -k + 3*k + 370 = 4*s. Suppose -5*n + b + 235 = -3*b, -2*n = -3*b - s. List the prime factors of n.
47
Let r(a) = 72*a + 80. What are the prime factors of r(5)?
2, 5, 11
Let f = 10 + -3. Let z = f + -5. Suppose -z*n = -2*s + 93 - 19, 3*s - 103 = n. List the prime factors of s.
3, 11
Let z be 1287/(-77) - 2/7. Let p = z - -41. Suppose 3*h - 21 - p = 0. List the prime factors of h.
3, 5
Suppose -55088 = -60*q + 38*q. What are the prime factors of q?
2, 313
Let o(n) = 0*n**2 + 4*n**2 + 2*n + 0*n - n + 11. Let q be o(-5). Suppose 0 = -k - k + q. What are the prime factors of k?
53
Suppose z - 5*z + 24 = 0. Suppose -z*f = -731 + 245. What are the prime factors of f?
3
List the prime factors of (-68)/374 - (-28186)/22.
3, 7, 61
Let c(f) = 3*f**3 - 7*f**2 - f. Let t(p) = -p**3. Let v(w) = -c(w) - 2*t(w). List the prime factors of v(5).
5, 11
Let d be (72/(-10))/((-5)/(-25)). What are the prime factors of -3*(-8)/d*-75?
2, 5
Suppose 2*c - 466 = -46. Suppose 0 = -14*v + 17*v - c. What are the prime factors of v?
2, 5, 7
What are the prime factors of (1/2)/(357709/(-35772) - -10)?
2, 3, 271
Let k = -13 - -11. Let j be (-1)/k - (-1458)/12. Let m = -84 + j. List the prime factors of m.
2, 19
Let j be 2644/9 + 8/36. Let w = j + -154. List the prime factors of w.
2, 5, 7
Suppose -19 = l - 4. Let j = 72 + l. What are the prime factors of j?
3, 19
Suppose -w = -0*w + 2*z - 1407, -2*w + 2822 = 6*z. What are the prime factors of w?
1399
Let v be (-1 - -1)/(-2 - -1). Suppose z - x + 5 = v, -2*z + 3 = -4*z - 5*x. What are the prime factors of (-3 + z)/(3/(-9))?
3, 7
Suppose -4*c - 44 + 12 = 0. Let k be (-5)/(-20) + 2/c. List the prime factors of (k - -1 - -17) + 1.
19
Let r = -67 + 166. Suppose 5*z - r - 126 = 0. Let w = 75 - z. List the prime factors of w.
2, 3, 5
Suppose 0 = 5*h + 4*y - 20, -h + 2*y = y - 13. Let s be 905/20 + (-2)/h. Suppose 3*n + 2*n - s = 0. List the prime factors of n.
3
Let n(h) = -h + 7. Let c be n(-8). Let t = c + -10. Suppose t*l = -10, y - 52 + 16 = -4*l. List the prime factors of y.
2, 11
Let c be (-6)/(-8)*(-5 + 1585). Suppose 420 - c = -5*q. What are the prime factors of (-12)/(-30) + q/5?
31
Let w(p) = p - 4. Let c be w(4). Let b be 49 - ((-2 - 0) + c). Let z = -33 + b. List the prime factors of z.
2, 3
Suppose 8 = -2*x, y = 9*x - 11*x + 220. What are the prime factors of y?
2, 3, 19
Suppose 3*u = -9, -3*p - 4*u = -2*u. Suppose 4*a - 3*c = -7, 2*c + 4 = a + p. What are the prime factors of 6 + (-4)/(-2) - a?
2, 3
Let x(p) = -53*p - 3. Let n = -16 - -34. Let j(l) = l**2 - 17*l - 19. Let d be j(n). List the prime factors of x(d).
2, 5
Suppose 0 = 5*h - 2*s - 530, -2*h + 11*s = 10*s - 213. Let c = h + -52. List the prime factors of c.
2, 13
List the prime factors of (-1)/((-2)/376*1).
2, 47
Suppose 4*x = -0*x - 12. Let s(v) = 4 - 8*v**2 + v**2 + 4*v**2 + 8*v + 8*v**2. What are the prime factors of s(x)?
5
Suppose 8*q - 639 = 705. What are the prime factors of q?
2, 3, 7
Let v(m) = -m**3 + 16*m**2 - 15*m + 2. Let g be v(15). Let a(x) = -5*x + g*x**2 - 2 + 0*x**3 + 0*x**3 - x**3 + 2*x**3. What are the prime factors of a(3)?
2, 7
Suppose -3*v - 15 = 0, -19*a + 21*a - 1 = -v. Suppose -y - 491 = -6*y - 2*f, -3*f - 303 = -a*y. List the prime factors of y.
3, 11
What are the prime factors of ((-28)/105*-2778)/(8/40)?
2, 463
Let f = 10 - 13. List the prime factors of -11*(-2)/(-2)*f.
3, 11
List the prime factors of (-56 + 54)/((-2)/331).
331
Suppose 2*d - 417 = -5*t, -3*d + 5*d - 2*t - 452 = 0. List the prime factors of d.
13, 17
List the prime factors of (3 + (-774)/(-4))*2*1.
3, 131
Let h(u) = 7*u**3 - 4*u**2 + 2*u + 2. Let i(r) = -r**3 + 6*r**2 - 4*r - 3. Let w be i(5). What are the prime factors of h(w)?
2, 23
Let n(r) = r + 3. Let w be n(-3). Suppose w = -0*b - 4*b + 268. Suppose -f = -4*p + 2*p + b, -p = f - 41. List the prime factors of p.
2, 3
Let n = 2157 + -1436. What are the prime factors of n?
7, 103
Suppose 2*l + 6*l = 72. Suppose -3*d + 660 = l*d. List the prime factors of d.
5, 11
Let z(t) = -t**3 - 8*t**2 - 5*t - 8. Let i be 4/(-1)*2 + 0. Let s be z(i). List the prime factors of s/(-6)*(-1 + -2).
2
Let d = 3 - 0. Suppose 2*l - h = -l + 10, 5*l - 18 = d*h. Suppose -39 = l*b - 4*b. What are the prime factors of b?
3, 13
Let z be 10 + (3 - 6) - 5*1. Suppose -2*r + 12 = r. Suppose z*y + 5*j - 32 = 0, -5*y + 3*y + 30 = r*j. List the prime factors of y.
11
Let h be (-3 - -2) + 16/4. Suppose 4*f - 3*d - 12 - 1 = 0, h*f - 11 = d. Suppose -y + 14 = f. List the prime factors of y.
2, 5
Let j = 3682 - -1206. List the prime factors of j.
2, 13, 47
List the prime factors of 2/11 + 23096/22.
2, 3, 5, 7
Let b be 110/(-132) + 230/(-12). Let j(f) = f**3 + 20*f**2 - 12*f + 46. What are the prime factors of j(b)?
2, 11, 13
What are the prime factors of 31087/70 + 5/(-50)?
2, 3, 37
List the prime factors of ((-1260)/2)/((-18)/24).
2, 3, 5, 7
Let g be ((-6)/(-4))/(3/(-6)). Let m(y) = y**3 + 5*y**2 + 6*y + 2. Let d(f) = f**2 + f - 1. Let n(z) = 4*d(z) - m(z). What are the prime factors of n(g)?
2, 3
Let w = 6388 + -4539. What are the prime factors of w?
43
Suppose -39159 - 162403 = -62*n. List the prime factors of n.
3251
List the prime factors of 117/(-52)*(-48)/9.
2, 3
Let a = -1524 - -3586. List the prime factors of a.
2, 1031
Let j(v) = 2 + 18*v**3 + 21*v**3 - v**2 + 6*v**3 - 2*v. What are the prime factors of j(1)?
2, 11
Let z(m) = m**2 - 7*m - 43. Let b be z(15). Suppose u + n - b = -2*n, 4*n = -u + 81. What are the prime factors of u?
5, 13
Suppose 2*l = 8, -l - 4 = -4*f - 0. Suppose 6*g = f*g + 4. Let j(k) = 47*k + 1. List the prime factors of j(g).
2, 3
Let r = -19 + 20. Let j(g) = 4*g + 1. Let k be j(r). Suppose 4*s + 5*l + 100 = 6*s, -3*s = k*l - 100. List the prime factors of s.
2, 5
Let c(r) = -139*r + 101. List the prime factors of c(-6).
5, 11, 17
Let c(f) = -10*f + 2*f**3 - f**3 + 7*f**2 - 1 + 7. Suppose 28*s = -48 - 176. List the prime factors of c(s).
2, 11
List the prime factors of (-1*(-9)/(-2))/(67/(-1206)).
3
Let l = 17 - 17. Let r be 1 + -8 - (l - 0). Let m = 46 + r. What are the prime factors of m?
3, 13
Let q(m) = m. Let l(j